{"id":126,"date":"2022-09-03T20:45:52","date_gmt":"2022-09-03T20:45:52","guid":{"rendered":"https:\/\/dev.jail.fi\/?page_id=126"},"modified":"2022-09-03T20:45:54","modified_gmt":"2022-09-03T20:45:54","slug":"ryhmat","status":"publish","type":"page","link":"https:\/\/dev.jail.fi\/?page_id=126","title":{"rendered":"Ryhm\u00e4t"},"content":{"rendered":"\n<figure class=\"wp-block-table\"><table><tbody><tr><th>Ryhm\u00e4<\/th><th>Ik\u00e4luokka<\/th><th>Aika<\/th><\/tr><tr><td>Oravat<\/td><td><a href=\"https:\/\/partio-ohjelma.fi\/sudenpennut\" target=\"_blank\" rel=\"noreferrer noopener\">Sudenpennut<\/a><\/td><td>maanantaisin 17.00-18.00<\/td><\/tr><tr><td>M\u00e4yr\u00e4t<\/td><td><a href=\"https:\/\/partio-ohjelma.fi\/seikkailijat\" target=\"_blank\" rel=\"noreferrer noopener\">Seikkailijat<\/a><\/td><td>maanantaisin 18.15-19.15<\/td><\/tr><tr><td>Rotat<\/td><td><a href=\"https:\/\/partio-ohjelma.fi\/tarpojat\" target=\"_blank\" rel=\"noreferrer noopener\">Tarpojat<\/a><\/td><td>tiistaisin 17.30-18.30<\/td><\/tr><tr><td>Saukot<\/td><td><a href=\"https:\/\/partio-ohjelma.fi\/sudenpennut\" target=\"_blank\" rel=\"noreferrer noopener\">Sudenpennut<\/a><\/td><td>keskiviikkoisin 17.30-18.30<\/td><\/tr><tr><td>Pikkumyyt<\/td><td><a href=\"https:\/\/partio-ohjelma.fi\/tarpojat\" target=\"_blank\" rel=\"noreferrer noopener\">Tarpojat<\/a><\/td><td>torstaisin 18.00-19.00<\/td><\/tr><tr><td>Samoajat<\/td><td><a href=\"https:\/\/partio-ohjelma.fi\/samoajat\" target=\"_blank\" rel=\"noreferrer noopener\">Samoajat<\/a><\/td><td>joka toinen perjantai klo 18<\/td><\/tr><tr><td>Perhepartio<\/td><td><a href=\"https:\/\/partio-ohjelma.fi\/perhepartio\" target=\"_blank\" rel=\"noreferrer noopener\">Perhepartio<\/a><\/td><td>aikataulu l\u00f6ytyy <a href=\"https:\/\/www.jail.fi\/wp-content\/uploads\/2022\/09\/Perhepartion-syksy-2022.pdf\" target=\"_blank\" rel=\"noreferrer noopener\">t\u00e4st\u00e4<\/a><\/td><\/tr><\/tbody><\/table><\/figure>\n","protected":false},"excerpt":{"rendered":"<p>Ryhm\u00e4 Ik\u00e4luokka Aika Oravat Sudenpennut maanantaisin 17.00-18.00 M\u00e4yr\u00e4t Seikkailijat maanantaisin 18.15-19.15 Rotat Tarpojat tiistaisin 17.30-18.30 Saukot Sudenpennut keskiviikkoisin 17.30-18.30 Pikkumyyt Tarpojat torstaisin 18.00-19.00 Samoajat Samoajat joka toinen perjantai klo 18 Perhepartio Perhepartio aikataulu l\u00f6ytyy t\u00e4st\u00e4<\/p>\n","protected":false},"author":1,"featured_media":0,"parent":0,"menu_order":0,"comment_status":"closed","ping_status":"closed","template":"","meta":[],"_links":{"self":[{"href":"https:\/\/dev.jail.fi\/index.php?rest_route=\/wp\/v2\/pages\/126"}],"collection":[{"href":"https:\/\/dev.jail.fi\/index.php?rest_route=\/wp\/v2\/pages"}],"about":[{"href":"https:\/\/dev.jail.fi\/index.php?rest_route=\/wp\/v2\/types\/page"}],"author":[{"embeddable":true,"href":"https:\/\/dev.jail.fi\/index.php?rest_route=\/wp\/v2\/users\/1"}],"replies":[{"embeddable":true,"href":"https:\/\/dev.jail.fi\/index.php?rest_route=%2Fwp%2Fv2%2Fcomments&post=126"}],"version-history":[{"count":2,"href":"https:\/\/dev.jail.fi\/index.php?rest_route=\/wp\/v2\/pages\/126\/revisions"}],"predecessor-version":[{"id":206,"href":"https:\/\/dev.jail.fi\/index.php?rest_route=\/wp\/v2\/pages\/126\/revisions\/206"}],"wp:attachment":[{"href":"https:\/\/dev.jail.fi\/index.php?rest_route=%2Fwp%2Fv2%2Fmedia&parent=126"}],"curies":[{"name":"wp","href":"https:\/\/api.w.org\/{rel}","templated":true}]}}